42819203?
8
What is the hundred thousands digit of 2290424393?
4
What is the hundreds digit of 79453129?
1
What is the hundred millions digit of 1967722202?
9
What is the units digit of 318506559?
9
What is the hundred thousands digit of 710754619?
7
What is the tens digit of 11285073?
7
What is the millions digit of 136653923?
6
What is the thousands digit of 22654181?
4
What is the ten thousands digit of 51555482?
5
What is the units digit of 29138992?
2
What is the hundred thousands digit of 1080458805?
4
What is the ten millions digit of 59479085?
5
What is the hundreds digit of 236496437?
4
What is the ten millions digit of 3007388684?
0
What is the millions digit of 3464152466?
4
What is the hundreds digit of 113508553?
5
What is the millions digit of 799460303?
9
What is the thousands digit of 1893268?
3
What is the hundred thousands digit of 3287121696?
1
What is the tens digit of 999948110?
1
What is the thousands digit of 5142355086?
5
What is the tens digit of 2227230989?
8
What is the hundreds digit of 32609517?
5
What is the hundred millions digit of 152139476?
1
What is the millions digit of 167179410?
7
What is the hundred thousands digit of 8267413?
2
What is the hundred thousands digit of 14625639?
6
What is the ten millions digit of 2962576584?
6
What is the millions digit of 117678679?
7
What is the ten thousands digit of 56719265?
1
What is the units digit of 11721385?
5
What is the tens digit of 613938318?
1
What is the hundred thousands digit of 54413870?
4
What is the hundred thousands digit of 203814195?
8
What is the tens digit of 293454624?
2
What is the ten thousands digit of 72890215?
9
What is the hundreds digit of 685031509?
5
What is the hundred thousands digit of 72370782?
3
What is the tens digit of 242270956?
5
What is the hundred thousands digit of 296595166?
5
What is the millions digit of 134762202?
4
What is the ten millions digit of 137213123?
3
What is the ten millions digit of 30811576?
3
What is the hundred thousands digit of 2767641?
7
What is the units digit of 20464486?
6
What is the thousands digit of 2276751948?
1
What is the units digit of 113213988?
8
What is the hundreds digit of 30491554?
5
What is the millions digit of 48538169?
8
What is the tens digit of 152201682?
8
What is the hundred thousands digit of 30506445?
5
What is the hundreds digit of 96679787?
7
What is the millions digit of 83007295?
3
What is the ten millions digit of 56276009?
5
What is the ten thousands digit of 878154687?
5
What is the hundred millions digit of 128041513?
1
What is the ten thousands digit of 2668399880?
9
What is the units digit of 3225012355?
5
What is the tens digit of 46008138?
3
What is the thousands digit of 1944657578?
7
What is the hundred thousands digit of 387870067?
8
What is the hundreds digit of 21314535?
5
What is the hundreds digit of 305270394?
3
What is the ten millions digit of 19304533?
1
What is the tens digit of 53102880?
8
What is the ten millions digit of 1508160247?
0
What is the ten millions digit of 45748805?
4
What is the units digit of 2721466077?
7
What is the hundreds digit of 2054070123?
1
What is the ten thousands digit of 1098680898?
8
What is the billions digit of 3256618745?
3
What is the thousands digit of 2892330886?
0
What is the millions digit of 377812920?
7
What is the units digit of 117839385?
5
What is the thousands digit of 5096954?
6
What is the thousands digit of 693003974?
3
What is the hundred thousands digit of 77152220?
1
What is the billions digit of 4792650844?
4
What is the ten thousands digit of 165709418?
0
What is the tens digit of 222559014?
1
What is the hundred millions digit of 654326263?
6
What is the units digit of 702742506?
6
What is the hundred thousands digit of 2898170943?
1
What is the billions digit of 6335576576?
6
What is the hundred thousands digit of 108396265?
3
What is the thousands digit of 89880770?
0
What is the billions digit of 1047111816?
1
What is the tens digit of 99771315?
1
What is the thousands digit of 447786501?
6
What is the units digit of 85652916?
6
What is the thousands digit of 64541341?
1
What is the millions digit of 1153362399?
3
What is the millions digit of 2095849321?
5
What is the thousands digit of 218560511?
0
What is the hundreds digit of 27141600?
6
What is the ten thousands digit of 27015192?
1
What is the ten thousands digit of 690299911?
9
What is the ten millions digit of 111393857?
1
What is the units digit of 457304005?
5
What is the ten millions digit of 510045401?
1
What is the thousands digit of 154773247?
3
What is the hundred millions digit of 445523097?
4
What is the units digit of 945566847?
7
What is the tens digit of 121524600?
0
What is the ten thousands digit of 35525793?
2
What is the tens digit of 152770296?
9
What is the thousands digit of 639931134?
1
What is the millions digit of 380712616?
0
What is the billions digit of 1857156333?
1
What is the ten thousands digit of 72837380?
3
What is the hundreds digit of 180503098?
0
What is the hundred millions digit of 589259356?
5
What is the tens digit of 39029169?
6
What is the millions digit of 3458618521?
8
What is the billions digit of 2425394954?
2
What is the units digit of 35176844?
4
What is the units digit of 4096649312?
2
What is the ten millions digit of 1654845705?
5
What is the tens digit of 44513961?
6
What is the billions digit of 2451702723?
2
What is the thousands digit of 1196162893?
2
What is the ten millions digit of 372912097?
7
What is the hundred thousands digit of 939456888?
4
What is the hundreds digit of 2906922383?
3
What is the ten millions digit of 122689349?
2
What is the hundreds digit of 145502362?
3
What is the ten millions digit of 940142268?
4
What is the ten millions digit of 663479666?
6
What is the thousands digit of 1932631537?
1
What is the hundreds digit of 11275917?
9
What is the hundred thousands digit of 3001063539?
0
What is the tens digit of 110220222?
2
What is the hundred thousands digit of 2869963543?
9
What is the tens digit of 4238242101?
0
What is the billions digit of 4843183488?
4
What is the millions digit of 32292416?
2
What is the millions digit of 3851196665?
1
What is the ten millions digit of 387228013?
8
What is the millions digit of 66656522?
6
What is the hundred thousands digit of 8318751?
3
What is the ten thousands digit of 25110130?
1
What is the millions digit of 773370227?
3
What is the ten millions digit of 333607003?
3
What is the tens digit of 145130447?
4
What is the thousands digit of 290040266?
0
What is the hundred thousands digit of 362007013?
0
What is the tens digit of 1209040284?
8
What is the ten thousands digit of 159688780?
8
What is the hundred thousands digit of 595921260?
9
What is the tens digit of 6795087716?
1
What is the ten thousands digit of 5259235972?
3
What is the hundred thousands digit of 48915570?
9
What is the ten thousands digit of 181828028?
2
What is the ten millions digit of 106782471?
0
What is the hundreds digit of 25031544?
5
What is the units digit of 2876891047?
7
What is the billions digit of 1058669575?
1
What is the ten millions digit of 22831835?
2
What is the thousands digit of 4039478640?
8
What is the hundred thousands digit of 1178874435?
8
What is the thousands digit of 80869979?
9
What is the hundred millions digit of 559991338?
5
What is the hundred millions digit of 3886158508?
8
What is the hundreds digit of 589633883?
8
What is the units digit of 37808882?
2
What is the hundreds digit of 84538655?
6
What is the units digit of 52225121?
1
What is the millions digit of 1675519?
1
What is the tens digit of 189409350?
5
What is the hundreds digit of 361226944?
9
What is the thousands digit of 6598487888?
7
What is the hundreds digit of 7701927?
9
What is the thousands digit of 82492174?
2
What is the thousands digit of 938743402?
3
What is the ten thousands digit of 7505646632?
4
What is the hundred millions digit of 292709758?
2
What is the millions digit of 51696859?
1
What is the tens digit of 157918921?
2
What is the units digit of 669396500?
0
What is the hundred millions digit of 226957393?
2
What is the thousands digit of 495906397?
6
What is the tens digit of 183403831?
3
What is the hundreds digit of 285291243